{"id":39086,"date":"2024-09-05T12:33:56","date_gmt":"2024-09-05T17:33:56","guid":{"rendered":"https:\/\/www.profaqua.ca\/?page_id=39086"},"modified":"2024-09-22T20:21:40","modified_gmt":"2024-09-23T01:21:40","slug":"camp-scientifique-vancouver-2025","status":"publish","type":"page","link":"https:\/\/www.profaqua.ca\/fr\/camp-scientifique-vancouver-2025\/","title":{"rendered":"Camp Scientifique \u00e0 Vancouver &#8211; \u00c9t\u00e9 2025"},"content":{"rendered":"<p>[vc_row][vc_column][vc_column_text]<\/p>\n<h3 style=\"text-align: center;\">Ce service est offert uniquement en\u00a0<strong>Colombie-Britannique<\/strong>, sauf indication contraire.<\/h3>\n<p>[\/vc_column_text]<div class=\"boc_divider_holder\"><div class=\"boc_divider  \"  style=\"margin-top: 20px;margin-bottom: 20px;height: 1px;background: #eeeeee;\"><\/div><\/div>[\/vc_column][\/vc_row][vc_row][vc_column][vc_row_inner equal_height=\u00a0\u00bbyes\u00a0\u00bb][vc_column_inner width=\u00a0\u00bb7\/12&Prime;]<h2 class=\"boc_heading  center  \"  style=\"margin-bottom: 20px;margin-top: 0px;color: #333;\"><span><strong>Les inscriptions pour l\u2019\u00e9t\u00e9 2025 d\u00e9buteront<\/strong><\/span><\/h2><h2 class=\"boc_heading  center  \"  style=\"margin-bottom: 20px;margin-top: 0px;color: #333;\"><span><strong>le 31 janvier \u00e0 12h15<\/strong><\/span><\/h2>[vc_column_text el_class=\u00a0\u00bbbeforeIframeAmilia\u00a0\u00bb]<\/p>\n<p style=\"text-align: center;\"><span data-contrast=\"auto\">Tu as entre 7<\/span>\u00a0et 12 ans<span data-contrast=\"auto\">? Tu te passionnes pour la science? Tu d\u00e9sires d\u00e9velopper tes connaissances scientifiques?<\/span><\/p>\n<p style=\"text-align: center;\"><span data-contrast=\"auto\">Voici l\u2019occasion parfaite pour toi de participer au camp scientifique et robotique le plus amusant qui soit \u00e0 Vancouver\u2009!<\/span><\/p>\n<p style=\"text-align: center;\"><span data-contrast=\"auto\">Profaqua et son \u00e9quipe dynamique et comp\u00e9tente t\u2019offrent un camp durant l\u2019\u00e9t\u00e9,<\/span><\/p>\n<p style=\"text-align: center;\"><span data-contrast=\"auto\">afin de te faire d\u00e9couvrir des ateliers totalement divertissants et enrichissants sur<\/span><\/p>\n<p style=\"text-align: center;\"><span data-contrast=\"auto\">la magie de la nature, <\/span><span data-contrast=\"auto\">de la science, de la programmation et de la robotique.<\/span><span data-ccp-props=\"{&quot;201341983&quot;:0,&quot;335559739&quot;:160,&quot;335559740&quot;:259}\">\u00a0<\/span><\/p>\n<h4 style=\"text-align: center;\"><strong>Le lieu du camp de jour d&rsquo;\u00e9t\u00e9 Profaqua 2025 reste \u00e0 d\u00e9terminer.<\/strong><\/h4>\n<p style=\"text-align: center;\"><em>Pour les documents du camp comme la grille des programmes et tarifs,<\/em><\/p>\n<p style=\"text-align: center;\"><em>foire aux questions, etc, <\/em><em>faites d\u00e9filer vers le bas.<\/em><\/p>\n<p>[\/vc_column_text][\/vc_column_inner][vc_column_inner width=\u00a0\u00bb5\/12&Prime;][vc_single_image image=\u00a0\u00bb33232&Prime;][\/vc_column_inner][\/vc_row_inner][\/vc_column][\/vc_row][vc_row][vc_column width=\u00a0\u00bb1\/3&Prime;][vc_single_image img_size=\u00a0\u00bbmedium\u00a0\u00bb image=\u00a0\u00bb12647&Prime;][\/vc_column][vc_column width=\u00a0\u00bb1\/3&Prime;][vc_column_text]<\/p>\n<h4>DOCUMENTS<\/h4>\n<p>Guide des parents 2025 (\u00e0 venir&#8230;)<\/p>\n<p>Grille des programmes et tarifs 2025 (\u00e0 venir&#8230;)<\/p>\n<p>Demande de remboursement 2025 (\u00e0 venir&#8230;)[\/vc_column_text]<a\thref=\"https:\/\/www.profaqua.ca\/fr\/camp-de-jour-faq\/\" \n\t\t\t\tclass=\"button btn_medium btn_orange btn_rounded btn_normal_style    \"  target='_self'><span>FOIRE AUX QUESTIONS<\/span><\/a>[\/vc_column][vc_column width=\u00a0\u00bb1\/3&Prime;][\/vc_column][\/vc_row]<\/p>\n","protected":false},"excerpt":{"rendered":"<p>[vc_row][vc_column][vc_column_text] Ce service est offert uniquement en\u00a0Colombie-Britannique, sauf indication contraire. [\/vc_column_text][\/vc_column][\/vc_row][vc_row][vc_column][vc_row_inner equal_height=\u00a0\u00bbyes\u00a0\u00bb][vc_column_inner width=\u00a0\u00bb7\/12&Prime;][vc_column_text el_class=\u00a0\u00bbbeforeIframeAmilia\u00a0\u00bb] Tu as entre 7\u00a0et 12 ans? Tu te passionnes pour la science? Tu d\u00e9sires d\u00e9velopper tes connaissances scientifiques? Voici l\u2019occasion parfaite pour toi de participer au camp scientifique et robotique le plus amusant qui soit \u00e0 Vancouver\u2009! Profaqua et son \u00e9quipe dynamique et comp\u00e9tente t\u2019offrent un<\/p>\n<div class=\"h10\"><\/div>\n<p><a class=\"more-link1\" href=\"https:\/\/www.profaqua.ca\/fr\/camp-scientifique-vancouver-2025\/\">Voir plus<\/a><\/p>\n","protected":false},"author":1,"featured_media":0,"parent":0,"menu_order":0,"comment_status":"closed","ping_status":"closed","template":"pageCamp.php","meta":{"footnotes":""},"acf":[],"yoast_head":"<!-- This site is optimized with the Yoast SEO plugin v20.13 - https:\/\/yoast.com\/wordpress\/plugins\/seo\/ -->\n<title>Camp Scientifique \u00e0 Vancouver - \u00c9t\u00e9 2025 - Profaqua<\/title>\n<meta name=\"description\" content=\"Ce service est offert uniquement en\u00a0Colombie-Britannique, sauf indication contraire. Tu as entre 7\u00a0et 12 ans? Tu te passionnes pour la science? Tu d\u00e9sires\" \/>\n<meta name=\"robots\" content=\"index, follow, max-snippet:-1, max-image-preview:large, max-video-preview:-1\" \/>\n<link rel=\"canonical\" href=\"https:\/\/www.profaqua.ca\/fr\/camp-scientifique-vancouver-2025\/\" \/>\n<meta property=\"og:locale\" content=\"fr_FR\" \/>\n<meta property=\"og:type\" content=\"article\" \/>\n<meta property=\"og:title\" content=\"Camp Scientifique \u00e0 Vancouver - \u00c9t\u00e9 2025 - Profaqua\" \/>\n<meta property=\"og:description\" content=\"Ce service est offert uniquement en\u00a0Colombie-Britannique, sauf indication contraire. Tu as entre 7\u00a0et 12 ans? Tu te passionnes pour la science? Tu d\u00e9sires\" \/>\n<meta property=\"og:url\" content=\"https:\/\/www.profaqua.ca\/fr\/camp-scientifique-vancouver-2025\/\" \/>\n<meta property=\"og:site_name\" content=\"Profaqua\" \/>\n<meta property=\"article:publisher\" content=\"https:\/\/www.facebook.com\/profaqua\/\" \/>\n<meta property=\"article:modified_time\" content=\"2024-09-23T01:21:40+00:00\" \/>\n<meta property=\"og:image\" content=\"https:\/\/www.profaqua.ca\/wp-content\/uploads\/2017\/01\/logo.jpg\" \/>\n\t<meta property=\"og:image:width\" content=\"180\" \/>\n\t<meta property=\"og:image:height\" content=\"59\" \/>\n\t<meta property=\"og:image:type\" content=\"image\/jpeg\" \/>\n<meta name=\"twitter:card\" content=\"summary_large_image\" \/>\n<meta name=\"twitter:label1\" content=\"Dur\u00e9e de lecture estim\u00e9e\" \/>\n\t<meta name=\"twitter:data1\" content=\"1 minute\" \/>\n<script type=\"application\/ld+json\" class=\"yoast-schema-graph\">{\"@context\":\"https:\/\/schema.org\",\"@graph\":[{\"@type\":\"WebPage\",\"@id\":\"https:\/\/www.profaqua.ca\/fr\/camp-scientifique-vancouver-2025\/\",\"url\":\"https:\/\/www.profaqua.ca\/fr\/camp-scientifique-vancouver-2025\/\",\"name\":\"Camp Scientifique \u00e0 Vancouver - \u00c9t\u00e9 2025 - Profaqua\",\"isPartOf\":{\"@id\":\"https:\/\/www.profaqua.ca\/fr\/#website\"},\"datePublished\":\"2024-09-05T17:33:56+00:00\",\"dateModified\":\"2024-09-23T01:21:40+00:00\",\"description\":\"Ce service est offert uniquement en\u00a0Colombie-Britannique, sauf indication contraire. Tu as entre 7\u00a0et 12 ans? Tu te passionnes pour la science? Tu d\u00e9sires\",\"breadcrumb\":{\"@id\":\"https:\/\/www.profaqua.ca\/fr\/camp-scientifique-vancouver-2025\/#breadcrumb\"},\"inLanguage\":\"fr-FR\",\"potentialAction\":[{\"@type\":\"ReadAction\",\"target\":[\"https:\/\/www.profaqua.ca\/fr\/camp-scientifique-vancouver-2025\/\"]}]},{\"@type\":\"BreadcrumbList\",\"@id\":\"https:\/\/www.profaqua.ca\/fr\/camp-scientifique-vancouver-2025\/#breadcrumb\",\"itemListElement\":[{\"@type\":\"ListItem\",\"position\":1,\"name\":\"Home\",\"item\":\"https:\/\/www.profaqua.ca\/fr\/\"},{\"@type\":\"ListItem\",\"position\":2,\"name\":\"Camp Scientifique \u00e0 Vancouver &#8211; \u00c9t\u00e9 2025\"}]},{\"@type\":\"WebSite\",\"@id\":\"https:\/\/www.profaqua.ca\/fr\/#website\",\"url\":\"https:\/\/www.profaqua.ca\/fr\/\",\"name\":\"Profaqua\",\"description\":\"\",\"potentialAction\":[{\"@type\":\"SearchAction\",\"target\":{\"@type\":\"EntryPoint\",\"urlTemplate\":\"https:\/\/www.profaqua.ca\/fr\/?s={search_term_string}\"},\"query-input\":\"required name=search_term_string\"}],\"inLanguage\":\"fr-FR\"}]}<\/script>\n<!-- \/ Yoast SEO plugin. -->","yoast_head_json":{"title":"Camp Scientifique \u00e0 Vancouver - \u00c9t\u00e9 2025 - Profaqua","description":"Ce service est offert uniquement en\u00a0Colombie-Britannique, sauf indication contraire. Tu as entre 7\u00a0et 12 ans? Tu te passionnes pour la science? Tu d\u00e9sires","robots":{"index":"index","follow":"follow","max-snippet":"max-snippet:-1","max-image-preview":"max-image-preview:large","max-video-preview":"max-video-preview:-1"},"canonical":"https:\/\/www.profaqua.ca\/fr\/camp-scientifique-vancouver-2025\/","og_locale":"fr_FR","og_type":"article","og_title":"Camp Scientifique \u00e0 Vancouver - \u00c9t\u00e9 2025 - Profaqua","og_description":"Ce service est offert uniquement en\u00a0Colombie-Britannique, sauf indication contraire. Tu as entre 7\u00a0et 12 ans? Tu te passionnes pour la science? Tu d\u00e9sires","og_url":"https:\/\/www.profaqua.ca\/fr\/camp-scientifique-vancouver-2025\/","og_site_name":"Profaqua","article_publisher":"https:\/\/www.facebook.com\/profaqua\/","article_modified_time":"2024-09-23T01:21:40+00:00","og_image":[{"width":180,"height":59,"url":"https:\/\/www.profaqua.ca\/wp-content\/uploads\/2017\/01\/logo.jpg","type":"image\/jpeg"}],"twitter_card":"summary_large_image","twitter_misc":{"Dur\u00e9e de lecture estim\u00e9e":"1 minute"},"schema":{"@context":"https:\/\/schema.org","@graph":[{"@type":"WebPage","@id":"https:\/\/www.profaqua.ca\/fr\/camp-scientifique-vancouver-2025\/","url":"https:\/\/www.profaqua.ca\/fr\/camp-scientifique-vancouver-2025\/","name":"Camp Scientifique \u00e0 Vancouver - \u00c9t\u00e9 2025 - Profaqua","isPartOf":{"@id":"https:\/\/www.profaqua.ca\/fr\/#website"},"datePublished":"2024-09-05T17:33:56+00:00","dateModified":"2024-09-23T01:21:40+00:00","description":"Ce service est offert uniquement en\u00a0Colombie-Britannique, sauf indication contraire. Tu as entre 7\u00a0et 12 ans? Tu te passionnes pour la science? Tu d\u00e9sires","breadcrumb":{"@id":"https:\/\/www.profaqua.ca\/fr\/camp-scientifique-vancouver-2025\/#breadcrumb"},"inLanguage":"fr-FR","potentialAction":[{"@type":"ReadAction","target":["https:\/\/www.profaqua.ca\/fr\/camp-scientifique-vancouver-2025\/"]}]},{"@type":"BreadcrumbList","@id":"https:\/\/www.profaqua.ca\/fr\/camp-scientifique-vancouver-2025\/#breadcrumb","itemListElement":[{"@type":"ListItem","position":1,"name":"Home","item":"https:\/\/www.profaqua.ca\/fr\/"},{"@type":"ListItem","position":2,"name":"Camp Scientifique \u00e0 Vancouver &#8211; \u00c9t\u00e9 2025"}]},{"@type":"WebSite","@id":"https:\/\/www.profaqua.ca\/fr\/#website","url":"https:\/\/www.profaqua.ca\/fr\/","name":"Profaqua","description":"","potentialAction":[{"@type":"SearchAction","target":{"@type":"EntryPoint","urlTemplate":"https:\/\/www.profaqua.ca\/fr\/?s={search_term_string}"},"query-input":"required name=search_term_string"}],"inLanguage":"fr-FR"}]}},"_links":{"self":[{"href":"https:\/\/www.profaqua.ca\/fr\/wp-json\/wp\/v2\/pages\/39086"}],"collection":[{"href":"https:\/\/www.profaqua.ca\/fr\/wp-json\/wp\/v2\/pages"}],"about":[{"href":"https:\/\/www.profaqua.ca\/fr\/wp-json\/wp\/v2\/types\/page"}],"author":[{"embeddable":true,"href":"https:\/\/www.profaqua.ca\/fr\/wp-json\/wp\/v2\/users\/1"}],"replies":[{"embeddable":true,"href":"https:\/\/www.profaqua.ca\/fr\/wp-json\/wp\/v2\/comments?post=39086"}],"version-history":[{"count":19,"href":"https:\/\/www.profaqua.ca\/fr\/wp-json\/wp\/v2\/pages\/39086\/revisions"}],"predecessor-version":[{"id":39247,"href":"https:\/\/www.profaqua.ca\/fr\/wp-json\/wp\/v2\/pages\/39086\/revisions\/39247"}],"wp:attachment":[{"href":"https:\/\/www.profaqua.ca\/fr\/wp-json\/wp\/v2\/media?parent=39086"}],"curies":[{"name":"wp","href":"https:\/\/api.w.org\/{rel}","templated":true}]}}

Camp Scientifique à Vancouver &#8211; Été 2025

<p>[vc_row][vc_column][vc_column_text]</p>
<h3 style="text-align: center;">Ce service est offert uniquement en <strong>Colombie-Britannique</strong>, sauf indication contraire.</h3>
<p>[/vc_column_text]<div class="boc_divider_holder"><div class="boc_divider  "  style="margin-top: 20px;margin-bottom: 20px;height: 1px;background: #eeeeee;"></div></div>[/vc_column][/vc_row][vc_row][vc_column][vc_row_inner equal_height= »yes »][vc_column_inner width= »7/12&Prime;]<h2 class="boc_heading  center  "  style="margin-bottom: 20px;margin-top: 0px;color: #333;"><span><strong>Les inscriptions pour l’été 2025 débuteront</strong></span></h2><h2 class="boc_heading  center  "  style="margin-bottom: 20px;margin-top: 0px;color: #333;"><span><strong>le 31 janvier à 12h15</strong></span></h2>[vc_column_text el_class= »beforeIframeAmilia »]</p>
<p style="text-align: center;"><span data-contrast="auto">Tu as entre 7</span> et 12 ans<span data-contrast="auto">? Tu te passionnes pour la science? Tu désires développer tes connaissances scientifiques?</span></p>
<p style="text-align: center;"><span data-contrast="auto">Voici l’occasion parfaite pour toi de participer au camp scientifique et robotique le plus amusant qui soit à Vancouver !</span></p>
<p style="text-align: center;"><span data-contrast="auto">Profaqua et son équipe dynamique et compétente t’offrent un camp durant l’été,</span></p>
<p style="text-align: center;"><span data-contrast="auto">afin de te faire découvrir des ateliers totalement divertissants et enrichissants sur</span></p>
<p style="text-align: center;"><span data-contrast="auto">la magie de la nature, </span><span data-contrast="auto">de la science, de la programmation et de la robotique.</span><span data-ccp-props="{&quot;201341983&quot;:0,&quot;335559739&quot;:160,&quot;335559740&quot;:259}"> </span></p>
<h4 style="text-align: center;"><strong>Le lieu du camp de jour d&rsquo;été Profaqua 2025 reste à déterminer.</strong></h4>
<p style="text-align: center;"><em>Pour les documents du camp comme la grille des programmes et tarifs,</em></p>
<p style="text-align: center;"><em>foire aux questions, etc, </em><em>faites défiler vers le bas.</em></p>
<p>[/vc_column_text][/vc_column_inner][vc_column_inner width= »5/12&Prime;][vc_single_image image= »33232&Prime;][/vc_column_inner][/vc_row_inner][/vc_column][/vc_row][vc_row][vc_column width= »1/3&Prime;][vc_single_image img_size= »medium » image= »12647&Prime;][/vc_column][vc_column width= »1/3&Prime;][vc_column_text]</p>
<h4>DOCUMENTS</h4>
<p>Guide des parents 2025 (à venir&#8230;)</p>
<p>Grille des programmes et tarifs 2025 (à venir&#8230;)</p>
<p>Demande de remboursement 2025 (à venir&#8230;)[/vc_column_text]<a	href="https://www.profaqua.ca/fr/camp-de-jour-faq/" 
				class="button btn_medium btn_orange btn_rounded btn_normal_style    "  target='_self'><span>FOIRE AUX QUESTIONS</span></a>[/vc_column][vc_column width= »1/3&Prime;][/vc_column][/vc_row]</p>

<p>[vc_row][vc_column][vc_column_text] Ce service est offert uniquement en Colombie-Britannique, sauf indication contraire. [/vc_column_text][/vc_column][/vc_row][vc_row][vc_column][vc_row_inner equal_height= »yes »][vc_column_inner width= »7/12&Prime;][vc_column_text el_class= »beforeIframeAmilia »] Tu as entre 7 et 12 ans? Tu te passionnes pour la science? Tu désires développer tes connaissances scientifiques? Voici l’occasion parfaite pour toi de participer au camp scientifique et robotique le plus amusant qui soit à Vancouver ! Profaqua et son équipe dynamique et compétente t’offrent un</p>
<div class="h10"></div>
<p><a class="more-link1" href="https://www.profaqua.ca/fr/camp-scientifique-vancouver-2025/">Voir plus</a></p>

<!-- This site is optimized with the Yoast SEO plugin v20.13 - https://yoast.com/wordpress/plugins/seo/ -->
<title>Camp Scientifique à Vancouver - Été 2025 - Profaqua</title>
<meta name="description" content="Ce service est offert uniquement en Colombie-Britannique, sauf indication contraire. Tu as entre 7 et 12 ans? Tu te passionnes pour la science? Tu désires" />
<meta name="robots" content="index, follow, max-snippet:-1, max-image-preview:large, max-video-preview:-1" />
<link rel="canonical" href="https://www.profaqua.ca/fr/camp-scientifique-vancouver-2025/" />
<meta property="og:locale" content="fr_FR" />
<meta property="og:type" content="article" />
<meta property="og:title" content="Camp Scientifique à Vancouver - Été 2025 - Profaqua" />
<meta property="og:description" content="Ce service est offert uniquement en Colombie-Britannique, sauf indication contraire. Tu as entre 7 et 12 ans? Tu te passionnes pour la science? Tu désires" />
<meta property="og:url" content="https://www.profaqua.ca/fr/camp-scientifique-vancouver-2025/" />
<meta property="og:site_name" content="Profaqua" />
<meta property="article:publisher" content="https://www.facebook.com/profaqua/" />
<meta property="article:modified_time" content="2024-09-23T01:21:40+00:00" />
<meta property="og:image" content="https://www.profaqua.ca/wp-content/uploads/2017/01/logo.jpg" />
	<meta property="og:image:width" content="180" />
	<meta property="og:image:height" content="59" />
	<meta property="og:image:type" content="image/jpeg" />
<meta name="twitter:card" content="summary_large_image" />
<meta name="twitter:label1" content="Durée de lecture estimée" />
	<meta name="twitter:data1" content="1 minute" />
<script type="application/ld+json" class="yoast-schema-graph">{"@context":"https://schema.org","@graph":[{"@type":"WebPage","@id":"https://www.profaqua.ca/fr/camp-scientifique-vancouver-2025/","url":"https://www.profaqua.ca/fr/camp-scientifique-vancouver-2025/","name":"Camp Scientifique à Vancouver - Été 2025 - Profaqua","isPartOf":{"@id":"https://www.profaqua.ca/fr/#website"},"datePublished":"2024-09-05T17:33:56+00:00","dateModified":"2024-09-23T01:21:40+00:00","description":"Ce service est offert uniquement en Colombie-Britannique, sauf indication contraire. Tu as entre 7 et 12 ans? Tu te passionnes pour la science? Tu désires","breadcrumb":{"@id":"https://www.profaqua.ca/fr/camp-scientifique-vancouver-2025/#breadcrumb"},"inLanguage":"fr-FR","potentialAction":[{"@type":"ReadAction","target":["https://www.profaqua.ca/fr/camp-scientifique-vancouver-2025/"]}]},{"@type":"BreadcrumbList","@id":"https://www.profaqua.ca/fr/camp-scientifique-vancouver-2025/#breadcrumb","itemListElement":[{"@type":"ListItem","position":1,"name":"Home","item":"https://www.profaqua.ca/fr/"},{"@type":"ListItem","position":2,"name":"Camp Scientifique à Vancouver &#8211; Été 2025"}]},{"@type":"WebSite","@id":"https://www.profaqua.ca/fr/#website","url":"https://www.profaqua.ca/fr/","name":"Profaqua","description":"","potentialAction":[{"@type":"SearchAction","target":{"@type":"EntryPoint","urlTemplate":"https://www.profaqua.ca/fr/?s={search_term_string}"},"query-input":"required name=search_term_string"}],"inLanguage":"fr-FR"}]}</script>
<!-- / Yoast SEO plugin. -->

Camp Scientifique à Vancouver - Été 2025 - Profaqua

Ce service est offert uniquement en Colombie-Britannique, sauf indication contraire. Tu as entre 7 et 12 ans? Tu te passionnes pour la science? Tu désires
